.
-7
Let o(a) = a**2 - 6*a + 5. Let n(f) = -3*f. Let s be n(-1). Suppose -5 = u + s*x - x, -15 = -u + 2*x. Let i be o(u). Let w(g) = g**2 - g + 6. Give w(i).
6
Let a(x) = x**3 + 3*x**2 + 3*x + 3. Suppose 4*m + 0*m + 8 = 0. Let j be a(m). Let k(r) = 8*r + 1. Calculate k(j).
9
Let w(y) = -3*y + 3*y - 1 + y. Suppose -t - 4*t = -20. Let p = 1 - t. Determine w(p).
-4
Let q(r) be the second derivative of r**5/20 + 5*r**4/12 - 5*r**3/6 + 3*r**2/2 + 7*r. Let s be q(-6). Let g(z) = z**3 + 4*z**2 + 5*z + 4. Determine g(s).
-2
Let t(d) be the second derivative of 7*d**6/720 + d**5/120 - d**4/4 + 2*d. Let k(q) be the third derivative of t(q). Suppose 3*y = -0 - 3. Calculate k(y).
-6
Let r(g) = -g**3 + 5*g**2 + 9*g + 7. Let v(x) = 2*x**3 - 4*x**2 - 9*x - 6. Let d(z) = -3*r(z) - 2*v(z). Give d(-6).
9
Let a(m) = -m**2 + 5*m + 5. Let h be 4*2/(-4 + 2). Let i(y) = -y - 1. Let t(d) = h*i(d) - a(d). Suppose 10*o - 5*o - 20 = 0. Determine t(o).
11
Let y(r) = -r - 2. Let m(u) = -2*u - 5. Let b(k) = 2*m(k) - 5*y(k). Calculate b(-3).
-3
Let s(o) be the first derivative of 1/2*o**2 + 3 + 1/3*o**3 + o - 3/4*o**4. Calculate s(-1).
4
Suppose -2*l + 5*l = -3. Let t(m) = -7*m**3 + 2*m**2 + m - 2. Let q(z) = 7*z**3 - 3*z**2 - z + 3. Let n(f) = 3*q(f) + 4*t(f). What is n(l)?
6
Let n(q) = 10*q + 13 + 4 + 0*q**2 - 6*q**2 - 7 - q**3. Give n(-7).
-11
Let a(x) = 11*x**2. Suppose 2*d + 3*d = 50. Let s = -11 + d. Give a(s).
11
Suppose -2*j + 2 = -8. Let x(p) = p**3 - 6*p**2 + 5*p - 1. Let w be x(j). Let s = w - -4. Let m(q) = q**2 - 2*q - 3. Calculate m(s).
0
Let v be (2 + -4)/((-2)/3). Let j(p) = -p + v*p - 4 - 4*p + p**2. Let t = -9 + 13. Determine j(t).
4
Let p(r) = r + 2 + 2 + 3*r. Let q(j) = j**2 - 3*j + 4. Let u be q(3). Suppose -11 = 5*l + u. What is p(l)?
-8
Let g(u) = -u**3 - 2*u**2 + 1. Let d be g(1). Suppose -3*c + 8 = j, 2*j - c - 2*c + 2 = 0. Let q = j + d. Let k(r) = -r**2 + r + 1. Calculate k(q).
1
Let f(a) = -3 - 1 + a**3 - 2 - a - 12*a**2 + 8*a**2. Determine f(5).
14
Suppose 22 = 4*b + l + 6, 5*b = -4*l + 31. Let n(m) = -4 + 0*m**3 + 2*m - m**2 - 4*m**3 + b*m**3. Suppose 0 = -0*j + 4*j + 12. Give n(j).
8
Let z(x) = 3*x - 7. Let t(v) = -v + 3. Let i(p) = -8*t(p) - 3*z(p). Calculate i(-5).
2
Let k(c) = -c**3 + 1 + 2*c**3 + 3*c**2 - c - c. Let i(r) = r**2 - 6*r - 10. Let j be i(7). Determine k(j).
7
Let m(a) = 36*a**2. Let r be 1*(-4 - -4 - 1). What is m(r)?
36
Let p(x) be the first derivative of -3*x**4/4 + x + 7. Determine p(-1).
4
Let r be (9/(-6))/(1/(-2)). Let v(t) be the first derivative of -r*t + 3/2*t**2 - 1 - 1/3*t**3. What is v(3)?
-3
Suppose 0*t - 4*t + 20 = 0. Suppose 0 = c + 3 - 7. Let h(b) = -3 + b**2 + 3 - c*b - b - 2. Calculate h(t).
-2
Let z(k) = 2*k - 2. Let f(h) = 5*h - 6. Let i(p) = 3*f(p) - 8*z(p). Let l be 5*(2 + 0)/(-2). Calculate i(l).
3
Let y(s) = s**3 - 4*s**2 + 4*s - 2. Let x(n) = n**2 + n + 1. Let w be x(-2). Suppose 0 = w*r + r - 8. Suppose o = -r*o + 6. Give y(o).
-2
Let s = 1 + 1. Let v(n) = n**2 + n - 1. Let m be v(s). Let a(d) = -d**3 + 6*d**2 - 6*d - 3. Give a(m).
-8
Let t(l) = l - 2. Suppose 8 = 5*w - 4*v, 2*v - 3 = 3*w - 3*v. Suppose 5*o + 3*b = 2*o - 21, -5*b - 7 = -2*o. Let s = w + o. Give t(s).
-2
Let s(f) = -4*f - 2. Let w be 1/(-1 - 4/(-6)). Calculate s(w).
10
Suppose -5*a = 2*p - 29, -9 - 5 = -2*a - 2*p. Let h(n) = n**2 - 6*n + 2. Let j be h(a). Let m(g) = g**2 + 2*g - 3. What is m(j)?
0
Let x(q) = 128*q + q**3 - 123*q - 2 + 9*q**2 - 6. Give x(-8).
16
Let z(o) = -4*o - 1. Let h = 3 - -2. Suppose 1 = -3*l + 2*u - 3*u, h*l - u = -7. What is z(l)?
3
Let y(h) = 7*h**2 - 12*h - 4. Let r(o) = -13*o**2 + 23*o + 7. Let f(s) = 6*r(s) + 11*y(s). Let u be f(4). Let a(t) = -t**2 + 5*t - 6. Determine a(u).
-12
Suppose 0 = -w - w - 4. Let r be (w + (-3)/(-1))*1. Let l(q) = 2*q**2 + q - 1. Give l(r).
2
Let b(g) be the first derivative of -4*g**3/3 + g**2/2 - g + 8. Let c be b(1). Let k(d) = 2*d + 3. Calculate k(c).
-5
Let k be (-2)/10*(-20)/48. Let v(m) be the second derivative of 0 - 5/6*m**3 + k*m**4 - m + 2*m**2. Determine v(4).
0
Let d(v) = -v + 3. Let c(t) = -2*t + 6. Let u(f) = -2*c(f) + 5*d(f). Determine u(-5).
8
Suppose -10 = 5*o + 4*z - 3*z, z - 11 = 2*o. Let s(m) be the second derivative of 3*m + 0 - 1/3*m**3 + 0*m**2. Calculate s(o).
6
Suppose -11 = -2*s - 3. Let b(a) = -4*a + s*a**2 - 4*a**2 - 5*a**2 + 4*a**2 + 3. What is b(-6)?
-9
Let i(a) = -15*a**3 - a**2. Let c be 16/(-24) + 1/(-3). Give i(c).
14
Suppose 0 = -4*l - 9 + 25. Let g(q) be the first derivative of -1/2*q**2 + q + 4/3*q**3 - 1 - 1/4*q**l. What is g(4)?
-3
Let n be (-1)/((4/3)/4). Let k(p) = -3*p**3 - 6*p**2 + 17*p + 11. Let d(t) = 2*t**3 + 4*t**2 - 11*t - 7. Let o(i) = -8*d(i) - 5*k(i). Give o(n).
1
Let l(a) = 2*a + a**3 - 415 - 4*a**2 + 415. Give l(4).
8
Let d(l) = -3*l + 3. Let j(q) = 1 + 1 - 4*q + 2*q. Suppose 2*i - 4*i + 19 = k, -3*i - 5*k + 39 = 0. Let b(g) = i*j(g) - 5*d(g). Give b(-4).
5
Let g = 8 - 7. Suppose -g = w - 0. Let x be w/2 - 45/(-10). Let v(c) = -c**3 + 5*c**2 - 5*c - 4. What is v(x)?
-8
Let n(l) = 3 + 3*l - 2 + 6*l**2 - 2*l + l**3. What is n(-6)?
-5
Let i(w) = 3*w - 1. Let m = -13 + 17. Let y(g) = -g**3 + 6*g**2 - 3*g - 7. Let p be y(5). Suppose -p = -l - m. What is i(l)?
-4
Let f(c) = 0*c**2 - c + 0*c**2 + 1 - 2*c**2. Let v(y) = y**2 - 5*y + 4. Let b be v(3). What is f(b)?
-5
Let p(l) = -7*l**2 + 7*l + 1. Let z(a) = 3*a**2 - 4*a. Let x(h) = -2*p(h) - 5*z(h). Determine x(5).
3
Let z(w) = w**2 + w - 1. Let l be ((-4)/(-5))/(22/275). Let j be (-2)/4 + l/(-4). What is z(j)?
5
Let l(s) = s**2 - s + 2. Let q be l(2). Let k(g) = -g + 7. Let o(t) = 8. Let w be ((-9)/12)/((-1)/(-4)). Let z(r) = w*k(r) + 2*o(r). What is z(q)?
7
Let j be ((-5)/(-4))/((-2)/(-8)). Let y(r) = r**2 - r**2 - r**3 + 0*r**3 - j. What is y(0)?
-5
Let z = 26 - 24. Let q(i) = i**3 - 5*i**2 + i - 3. Let a be q(5). Let u(n) = -2*n**3 - n**a - n + n**3 + 2*n**2. What is u(z)?
-6
Let j(a) be the second derivative of a**2 + 0 + 1/20*a**5 + a - 1/6*a**3 - 1/12*a**4. Determine j(0).
2
Let m be 36 + -37 + (-2)/(4/(-2)). Let l(x) be the third derivative of x**2 + m + 0*x - 2/3*x**3 + 1/24*x**4. Give l(5).
1
Let i(l) = -l**3 + 5*l**2 + 8*l - 1. Let f(s) = 24*s**3 - s + 1. Let d be f(1). Let y = d + -18. What is i(y)?
11
Let w(z) = -9*z + 6 + 1 + 17*z - 5*z. Suppose -5*i - 39 + 9 = 0. Calculate w(i).
-11
Let f(b) be the first derivative of -3*b - 1/3*b**3 + 5/2*b**2 - 2. Determine f(4).
1
Let l(d) = -d**3 + 2*d**2 + 2*d + 1. Let q = 0 - -15. Suppose 4*g - q = -g. Determine l(g).
-2
Let a be ((2 - 3) + 0)/(9/(-18)). Let i(d) = 4*d**2 - 4*d + 3. Give i(a).
11
Let i(o) = o. Let m be i(2). Let c(q) = 2*q + 2 - 5*q - q**3 + 7*q**m - 3*q**2. What is c(3)?
2
Suppose 2*y = -2*y. Suppose -t + 0*t - 5 = y. Let d(b) = -4*b**2 + 4 - b**3 + 2*b + 2*b**2 - 3*b**2. Give d(t).
-6
Let u(o) = o + 0*o + o - 3 + o**2 - 3*o**2. Suppose -5*x - 4*t = 2, -x + 3*x + t = 1. Determine u(x).
-7
Suppose 0*z - 2*z = -2. Let v be -7 + 0 + (z - -1). Let f(o) = o**2 + 3*o - 7. Let y(w) = -3*w**2 - 8*w + 21. Let s(d) = 7*f(d) + 2*y(d). What is s(v)?
-7
Let h = 25 - 25. Let a(j) be the second derivative of -3/2*j**2 + h*j**3 + 3*j - 1/20*j**5 - 5/12*j**4 + 0. What is a(-5)?
-3
Let s(o) = o**3 + 3*o**2 - 3*o - 4. Let b(i) = 2*i**2 - 5*i. Let v be 2 + 1/((-3)/(-6)). Let a be b(v). Suppose 0 = 3*g + g + a. Give s(g).
5
Let d(x) = -2*x**2 + 6*x + 2. Suppose 11 = 6*h - 19. Give d(h).
-18
Let r(f) = f**3 - f**2 - 2*f. Suppose 0 = -10*l + 4*l + 12. Give r(l).
0
Let t(w) = -w**2 - w. Let d(c) = -4*c**2 - 7*c. Let r(v) = d(v) - 6*t(v). Give r(2).
6
Let u(q) = 4 - 2*q - 1 + 1 - 8. Let a be u(-3). Let w(p) = 3*p - 1. What is w(a)?
5
Let a(d) = d**3 + 5*d**2 + 5*d + 4. Let f be a(-3). Let h(u) be the first derivative of u**3/3 - 4*u**2 + 4*u + 31. What is h(f)?
-3
Let l = 17 + -17. Let t(y) = y**3 + y**2 + y + 11. Give t(l).
11
Let z(n) = n**2 - n. Let r(t) = -2*t**2 - 3*t + 7. Let p(c) = r(c) + 3*z(c). Give p(6).
7
Let f(l) = 4*l**2 - l - 5*l**2 - l**2 - 1 + l**2. Let t(w) = 3*w**2 + 7*w. Let o(s) = -2*f(s) - t(s). What is o(-6)?
-4
Let t(i) be the second derivative of i**3/2 - i**2/2 - 13*i. Determine t(-4).
-13
Let j(y) be the first derivative of -y**5/20 - y**4/12 + y**2/2 - 2*y + 2. Let t(v) be the first derivative of j(v). Calc